
274
Calculate the remainder when 118 is divided by 36.
10
Calculate the remainder when 392 is divided by 128.
8
Calculate the remainder when 3587 is divided by 97.
95
Calculate the remainder when 2063 is divided by 24.
23
Calculate the remainder when 4069 is divided by 123.
10
Calculate the remainder when 146 is divided by 49.
48
Calculate the remainder when 108 is divided by 8.
4
What is the remainder when 443 is divided by 163?
117
What is the remainder when 593 is divided by 75?
68
Calculate the remainder when 525 is divided by 16.
13
Calculate the remainder when 176 is divided by 14.
8
What is the remainder when 185 is divided by 85?
15
Calculate the remainder when 143 is divided by 7.
3
What is the remainder when 3092 is divided by 155?
147
Calculate the remainder when 3666 is divided by 912.
18
Calculate the remainder when 80 is divided by 55.
25
Calculate the remainder when 4069 is divided by 74.
73
What is the remainder when 303 is divided by 66?
39
What is the remainder when 170 is divided by 77?
16
Calculate the remainder when 61 is divided by 16.
13
Calculate the remainder when 7379 is divided by 123.
122
What is the remainder when 380 is divided by 199?
181
Calculate the remainder when 2039 is divided by 34.
33
What is the remainder when 8207 is divided by 24?
23
What is the remainder when 341 is divided by 64?
21
Calculate the remainder when 3599 is divided by 50.
49
Calculate the remainder when 47 is divided by 18.
11
What is the remainder when 80 is divided by 17?
12
What is the remainder when 267 is divided by 27?
24
Calculate the remainder when 336 is divided by 108.
12
Calculate the remainder when 244 is divided by 78.
10
What is the remainder when 4812 is divided by 30?
12
What is the remainder when 307 is divided by 143?
21
Calculate the remainder when 417 is divided by 14.
11
What is the remainder when 3672 is divided by 245?
242
What is the remainder when 649 is divided by 53?
13
Calculate the remainder when 98 is divided by 21.
14
What is the remainder when 39 is divided by 14?
11
Calculate the remainder when 38 is divided by 33.
5
What is the remainder when 21236 is divided by 72?
68
What is the remainder when 742 is divided by 95?
77
Calculate the remainder when 233 is divided by 124.
109
What is the remainder when 222 is divided by 30?
12
Calculate the remainder when 324 is divided by 81.
0
Calculate the remainder when 578 is divided by 158.
104
Calculate the remainder when 3728 is divided by 4.
0
Calculate the remainder when 5980 is divided by 34.
30
What is the remainder when 1033 is divided by 40?
33
What is the remainder when 1124 is divided by 103?
94
What is the remainder when 2749 is divided by 102?
97
What is the remainder when 427 is divided by 84?
7
What is the remainder when 249 is divided by 84?
81
Calculate the remainder when 2318 is divided by 84.
50
Calculate the remainder when 515 is divided by 229.
57
Calculate the remainder when 112 is divided by 5.
2
What is the remainder when 258 is divided by 237?
21
Calculate the remainder when 187 is divided by 39.
31
Calculate the remainder when 113 is divided by 38.
37
What is the remainder when 526 is divided by 66?
64
What is the remainder when 10797 is divided by 150?
147
What is the remainder when 767 is divided by 382?
3
Calculate the remainder when 56 is divided by 15.
11
What is the remainder when 1521 is divided by 25?
21
What is the remainder when 127 is divided by 67?
60
Calculate the remainder when 88 is divided by 44.
0
Calculate the remainder when 353 is divided by 123.
107
What is the remainder when 31 is divided by 24?
7
What is the remainder when 44 is divided by 28?
16
Calculate the remainder when 292 is divided by 49.
47
What is the remainder when 2516 is divided by 133?
122
Calculate the remainder when 118 is divided by 21.
13
What is the remainder when 349 is divided by 34?
9
What is the remainder when 171 is divided by 29?
26
What is the remainder when 6781 is divided by 174?
169
What is the remainder when 362 is divided by 52?
50
Calculate the remainder when 10762 is divided by 18.
16
Calculate the remainder when 890 is divided by 311.
268
What is the remainder when 2522 is divided by 196?
170
What is the remainder when 225 is divided by 10?
5
What is the remainder when 2088 is divided by 1?
0
Calculate the remainder when 850 is divided by 15.
10
What is the remainder when 6710 is divided by 6?
2
Calculate the remainder when 204 is divided by 162.
42
What is the remainder when 96 is divided by 55?
41
Calculate the remainder when 597 is divided by 4.
1
Calculate the remainder when 1568 is divided by 518.
14
What is the remainder when 171 is divided by 50?
21
Calculate the remainder when 469 is divided by 189.
91
Calculate the remainder when 815 is divided by 24.
23
What is the remainder when 575 is divided by 187?
14
What is the remainder when 171 is divided by 91?
80
Calculate the remainder when 33 is divided by 17.
16
Calculate the remainder when 1663 is divided by 277.
1
Calculate the remainder when 900 is divided by 268.
96
What is the remainder when 38 is divided by 12?
2
Calculate the remainder when 898 is divided by 221.
14
Calculate the remainder when 2271 is divided by 91.
87
What is the remainder when 9914 is divided by 148?
146
Calculate the remainder when 92 is divided by 48.
44
Calculate the remainder when 6459 is divided by 13.
11
What is the remainder when 444 is divided by 113?
105
What is the remainder when 9175 is divided by 270?
265
What is the remainder when 2330 is divided by 21?
20
Calculate the remainder when 287 is divided by 98.
91
What is the remainder when 118 is divided by 35?
13
What is the remainder when 70 is divided by 19?
13
What is the remainder when 699 is divided by 665?
34
Calculate the remainder when 747 is divided by 255.
237
Calculate the remainder when 11157 is divided by 155.
152
What is the remainder when 8261 is divided by 17?
16
Calculate the remainder when 3838 is divided by 167.
164
What is the remainder when 320 is divided by 11?
1
Calculate the remainder when 8526 is divided by 2841.
3
What is the remainder when 1345 is divided by 45?
40
Calculate the remainder when 925 is divided by 46.
5
Calculate the remainder when 304 is divided by 257.
47
Calculate the remainder when 2175 is divided by 22.
19
Calculate the remainder when 3273 is divided by 12.
9
Calculate the remainder when 361 is divided by 126.
109
What is the remainder when 115 is divided by 69?
46
What is the remainder when 3161 is divided by 28?
25
Calculate the remainder when 16 is divided by 12.
4
What is the remainder when 219 is divided by 84?
51
What is the remainder when 4508 is divided by 55?
53
Calculate the remainder when 2430 is divided by 11.
10
What is the remainder when 14037 is divided by 14?
9
Calculate the remainder when 396 is divided by 32.
12
What is the remainder when 211 is divided by 11?
2
What is the remainder when 221 is divided by 74?
73
What is the remainder when 1010 is divided by 46?
44
Calculate the remainder when 643 is divided by 81.
76
What is the remainder when 99 is divided by 12?
3
What is the remainder when 546 is divided by 52?
26
Calculate the remainder when 54 is divided by 12.
6
What is the remainder when 2369 is divided by 7?
3
Calculate the remainder when 297 is divided by 110.
77
Calculate the remainder when 1647 is divided by 118.
113
What is the remainder when 2446 is divided by 57?
52
What is the remainder when 127 is divided by 23?
12
Calculate the remainder when 1180 is divided by 7.
4
Calculate the remainder when 314 is divided by 84.
62
Calculate the remainder when 3869 is divided by 18.
17
What is the remainder when 1333 is divided by 8?
5
Calculate the remainder when 15 is divided by 4.
3
Calculate the remainder when 275 is divided by 3.
2
What is the remainder when 15061 is divided by 115?
111
What is the remainder when 38 is divided by 12?
2
What is the remainder when 800 is divided by 2?
0
What is the remainder when 76 is divided by 5?
1
What is the remainder when 183 is divided by 38?
31
Calculate the remainder when 4378 is divided by 60.
58
Calculate the remainder when 187 is divided by 63.
61
What is the remainder when 165 is divided by 10?
5
Calculate the remainder wh